{"id":1085,"date":"2021-09-23T21:55:15","date_gmt":"2021-09-24T00:55:15","guid":{"rendered":"https:\/\/pecabrasil.com.br\/pecabrasil\/?page_id=1085"},"modified":"2023-08-01T16:37:26","modified_gmt":"2023-08-01T19:37:26","slug":"voce-rh","status":"publish","type":"page","link":"https:\/\/pecabrasil.com.br\/pecabrasil\/voce-rh\/","title":{"rendered":"Voc\u00ea RH"},"content":{"rendered":"<p>[vc_row wrap_container=&#8221;yes&#8221; css=&#8221;.vc_custom_1632433917153{padding-top: 30px !important;padding-bottom: 30px !important;}&#8221;][vc_column width=&#8221;1\/2&#8243;][vc_custom_heading text=&#8221;Voc\u00ea RH &#8211; Pe\u00e7a Brasil&#8221; use_theme_fonts=&#8221;yes&#8221; skin=&#8221;primary&#8221; animation_type=&#8221;fadeInUp&#8221; el_class=&#8221;mb-0&#8243;][vc_separator color=&#8221;custom&#8221; align=&#8221;align_left&#8221; border_width=&#8221;4&#8243; css_animation=&#8221;left-to-right&#8221; style=&#8221;solid&#8221; el_class=&#8221;custom-separator customLineProgressAnim my-3&#8243; accent_color=&#8221;#04af86&#8243;][vc_column_text]<\/p>\n<p style=\"text-align: justify;\">Esta p\u00e1gina \u00e9 destinada \u00e0 divulga\u00e7\u00e3o de nossas pr\u00e1ticas voltadas ao desenvolvimento humano, responsabilidade social, cultura de qualidade, sustentabilidade, treinamentos, palestras, eventos e demais a\u00e7\u00f5es relacionadas.\u00a0Acreditamos que a nossa maior for\u00e7a vem de dentro e que, se todos estiverem unidos num \u00fanico objetivo, poderemos atingir excelentes resultados.<\/p>\n<p>[\/vc_column_text][vc_column_text]<\/p>\n<p style=\"text-align: justify;\">Acreditamos que, para ser a distribuidora preferida dos nossos clientes externos, precisamos primeiro ser a empresa preferida dos nossos clientes internos, por isso procuramos sempre as melhores maneiras de agregar valor aos nossos colaboradores e parceiros.<\/p>\n<p>[\/vc_column_text][vc_column_text]<\/p>\n<p style=\"text-align: justify;\">Acreditamos que o sucesso de amanh\u00e3 depende de como cuidamos do agora e, por isso, desenvolvemos diversos projetos de sustentabilidade.<\/p>\n<p>[\/vc_column_text][vc_column_text]<\/p>\n<p style=\"text-align: justify;\">E acreditamos que voc\u00ea \u00e9 respons\u00e1vel por todas as nossas conquistas.<\/p>\n<p>[\/vc_column_text][\/vc_column][vc_column width=&#8221;1\/2&#8243;][vc_row_inner css=&#8221;.vc_custom_1632434142488{margin-left: 50px !important;padding-top: 20px !important;background-color: #ebf3f7 !important;}&#8221;][vc_column_inner][vc_single_image image=&#8221;1273&#8243; img_size=&#8221;full&#8221; alignment=&#8221;center&#8221;][vc_custom_heading text=&#8221;Melhores Empresas para Trabalhar&#8221; font_container=&#8221;tag:h2|font_size:24px|text_align:left&#8221; use_theme_fonts=&#8221;yes&#8221; skin=&#8221;primary&#8221; animation_type=&#8221;fadeInUp&#8221; el_class=&#8221;mb-0&#8243;][vc_separator color=&#8221;custom&#8221; align=&#8221;align_left&#8221; border_width=&#8221;4&#8243; css_animation=&#8221;left-to-right&#8221; style=&#8221;solid&#8221; el_class=&#8221;custom-separator customLineProgressAnim my-3&#8243; accent_color=&#8221;#04af86&#8243;][vc_column_text]<\/p>\n<p style=\"text-align: justify;\">Somos desde 2014 certificados pelo Great Place to Work (GPTW) como uma das MELHORES EMPRESAS PARA TRABALHAR no Brasil. Para n\u00f3s este t\u00edtulo \u00e9 um term\u00f4metro do nosso clima e de todas as nossas pr\u00e1ticas e programas voltados para nossos colaboradores, que s\u00e3o nossa pe\u00e7a principal.<\/p>\n<p>[\/vc_column_text][\/vc_column_inner][\/vc_row_inner][\/vc_column][\/vc_row][vc_row wrap_container=&#8221;yes&#8221; css=&#8221;.vc_custom_1544195310162{padding-top: 90px !important;padding-bottom: 50px !important;}&#8221;][vc_column width=&#8221;1\/3&#8243; animation_delay=&#8221;300&#8243; animation_type=&#8221;fadeInLeft&#8221;]<div class=\"porto-content-box featured-boxes wpb_content_element \"><div class=\"featured-box featured-box-primary featured-box-effect-1\"><div class=\"box-content\" style=\"\"><i class=\"icon-featured Simple-Line-Icons-people\"><\/i>[vc_column_text]<\/p>\n<h4 class=\"text-uppercase font-size-md font-weight-bold text-color-primary\">Desenvolvimento Humano<\/h4>\n<p>Priorizamos o crescimento pessoal e profissional de todos os nossos funcion\u00e1rios. Atrav\u00e9s de cursos, palestras e treinamentos, oportunizamos a constru\u00e7\u00e3o do conhecimento e desenvolvimento da nossa equipe.[\/vc_column_text]<\/div><\/div><\/div>[\/vc_column][vc_column width=&#8221;1\/3&#8243; animation_type=&#8221;fadeInLeft&#8221;]<div class=\"porto-content-box featured-boxes wpb_content_element \"><div class=\"featured-box featured-box-secondary featured-box-effect-1\"><div class=\"box-content\" style=\"\"><i class=\"icon-featured fas fa-user-check\"><\/i>[vc_column_text]<\/p>\n<h4 class=\"text-uppercase font-size-md font-weight-bold text-color-secondary\">Responsabilidade Social<\/h4>\n<p>Quem ama cuida. E cuidamos daqueles que mais precisam. Em parceria com ONGs locais e institui\u00e7\u00f5es sociais, j\u00e1 ajudamos centenas de pessoas e fam\u00edlias carentes da Regi\u00e3o. Estamos sempre preocupados em ajudar quem mais precisa.[\/vc_column_text]<\/div><\/div><\/div>[\/vc_column][vc_column width=&#8221;1\/3&#8243; animation_type=&#8221;fadeInRight&#8221;]<div class=\"porto-content-box featured-boxes wpb_content_element \"><div class=\"featured-box featured-box-primary featured-box-effect-1\"><div class=\"box-content\" style=\"\"><i class=\"icon-featured fas fa-recycle\"><\/i>[vc_column_text]<\/p>\n<h4 class=\"text-uppercase font-size-md font-weight-bold text-color-primary\">Sustentabilidade<\/h4>\n<p>A empresa Sustent\u00e1vel \u00e9 um trabalho de conscientiza\u00e7\u00e3o socioambiental e desenvolvimento da cultura de sustentabilidade que objetiva construir uma consci\u00eancia ambiental em todos que a comp\u00f5em, por meio de a\u00e7\u00f5es simples e duradouras, como a coleta seletiva, redu\u00e7\u00e3o no consumo de \u00e1gua e energia el\u00e9trica e cultivo de horta natural. Al\u00e9m disso, reciclamos as embalagens dos nossos produtos e fazemos o descarte apropriado de baterias, pilhas e equipamentos eletr\u00f4nicos.[\/vc_column_text]<\/div><\/div><\/div>[\/vc_column][\/vc_row][vc_row][vc_column][\/vc_column][\/vc_row][vc_row][vc_column width=&#8221;1\/3&#8243;][vc_single_image image=&#8221;1181&#8243; img_size=&#8221;medium&#8221; add_caption=&#8221;yes&#8221; onclick=&#8221;custom_link&#8221; img_link_target=&#8221;_blank&#8221; animation_type=&#8221;bounce&#8221; title=&#8221;Veja agora nosso Jornal&#8221; link=&#8221;http:\/\/cutt.ly\/anl&#8221;][\/vc_column][vc_column width=&#8221;1\/3&#8243;][vc_single_image image=&#8221;1327&#8243; img_size=&#8221;medium&#8221; onclick=&#8221;link_image&#8221; title=&#8221;Nossa jornada&#8221; animation_type=&#8221;bounce&#8221;][\/vc_column][vc_column width=&#8221;1\/3&#8243;][vc_single_image image=&#8221;1340&#8243; img_size=&#8221;medium&#8221; add_caption=&#8221;yes&#8221; onclick=&#8221;custom_link&#8221; img_link_target=&#8221;_blank&#8221; title=&#8221;Veja agora nosso Jornal&#8221; link=&#8221;https:\/\/issuu.com\/autonortedistribuidora\/docs\/jornal_-_final&#8221; animation_type=&#8221;bounce&#8221;][\/vc_column][\/vc_row][vc_row][vc_column width=&#8221;1\/3&#8243;][vc_single_image image=&#8221;1351&#8243; img_size=&#8221;medium&#8221; add_caption=&#8221;yes&#8221; alignment=&#8221;center&#8221; onclick=&#8221;custom_link&#8221; img_link_target=&#8221;_blank&#8221; title=&#8221;Veja agora nosso Jornal&#8221; link=&#8221;https:\/\/issuu.com\/autonortedistribuidora\/docs\/jornal_-_fechado_-_finalizado&#8221; animation_type=&#8221;bounce&#8221;][\/vc_column][vc_column width=&#8221;1\/3&#8243;][vc_single_image image=&#8221;1376&#8243; img_size=&#8221;medium&#8221; add_caption=&#8221;yes&#8221; alignment=&#8221;center&#8221; onclick=&#8221;custom_link&#8221; img_link_target=&#8221;_blank&#8221; title=&#8221;Jornal O Arretado&#8221; label=&#8221;&#8221; link=&#8221;https:\/\/issuu.com\/autonortedistribuidora\/docs\/jornal_-_final&#8221; animation_type=&#8221;bounce&#8221;][\/vc_column][vc_column width=&#8221;1\/3&#8243;][\/vc_column][\/vc_row][vc_row][vc_column width=&#8221;1\/3&#8243;][\/vc_column][\/vc_row]<\/p>\n","protected":false},"excerpt":{"rendered":"<p>[vc_row wrap_container=&#8221;yes&#8221; css=&#8221;.vc_custom_1632433917153{padding-top: 30px !important;padding-bottom: 30px !important;}&#8221;][vc_column width=&#8221;1\/2&#8243;][vc_custom_heading text=&#8221;Voc\u00ea RH &#8211; Pe\u00e7a Brasil&#8221; use_theme_fonts=&#8221;yes&#8221; skin=&#8221;primary&#8221; animation_type=&#8221;fadeInUp&#8221; el_class=&#8221;mb-0&#8243;][vc_separator color=&#8221;custom&#8221; align=&#8221;align_left&#8221; border_width=&#8221;4&#8243; css_animation=&#8221;left-to-right&#8221; style=&#8221;solid&#8221; el_class=&#8221;custom-separator customLineProgressAnim my-3&#8243; accent_color=&#8221;#04af86&#8243;][vc_column_text] Esta p\u00e1gina \u00e9 destinada \u00e0 divulga\u00e7\u00e3o de nossas pr\u00e1ticas voltadas ao desenvolvimento humano, responsabilidade social, cultura de qualidade, sustentabilidade, treinamentos, palestras, eventos e demais a\u00e7\u00f5es relacionadas.\u00a0Acreditamos que a nossa [&hellip;]<\/p>\n","protected":false},"author":1,"featured_media":0,"parent":0,"menu_order":0,"comment_status":"closed","ping_status":"closed","template":"","meta":[],"_links":{"self":[{"href":"https:\/\/pecabrasil.com.br\/pecabrasil\/wp-json\/wp\/v2\/pages\/1085"}],"collection":[{"href":"https:\/\/pecabrasil.com.br\/pecabrasil\/wp-json\/wp\/v2\/pages"}],"about":[{"href":"https:\/\/pecabrasil.com.br\/pecabrasil\/wp-json\/wp\/v2\/types\/page"}],"author":[{"embeddable":true,"href":"https:\/\/pecabrasil.com.br\/pecabrasil\/wp-json\/wp\/v2\/users\/1"}],"replies":[{"embeddable":true,"href":"https:\/\/pecabrasil.com.br\/pecabrasil\/wp-json\/wp\/v2\/comments?post=1085"}],"version-history":[{"count":16,"href":"https:\/\/pecabrasil.com.br\/pecabrasil\/wp-json\/wp\/v2\/pages\/1085\/revisions"}],"predecessor-version":[{"id":1377,"href":"https:\/\/pecabrasil.com.br\/pecabrasil\/wp-json\/wp\/v2\/pages\/1085\/revisions\/1377"}],"wp:attachment":[{"href":"https:\/\/pecabrasil.com.br\/pecabrasil\/wp-json\/wp\/v2\/media?parent=1085"}],"curies":[{"name":"wp","href":"https:\/\/api.w.org\/{rel}","templated":true}]}}